 is divided by 1654.
8
Calculate the remainder when 165856 is divided by 27.
22
What is the remainder when 206063 is divided by 972?
971
What is the remainder when 7170 is divided by 895?
10
What is the remainder when 1790 is divided by 15?
5
What is the remainder when 393160 is divided by 804?
4
What is the remainder when 15525 is divided by 6?
3
What is the remainder when 79366 is divided by 523?
393
Calculate the remainder when 293903 is divided by 293866.
37
What is the remainder when 375415 is divided by 281?
280
Calculate the remainder when 28936 is divided by 508.
488
What is the remainder when 1072 is divided by 522?
28
Calculate the remainder when 220633 is divided by 61.
57
Calculate the remainder when 135113 is divided by 202.
177
What is the remainder when 12404 is divided by 885?
14
What is the remainder when 1114 is divided by 114?
88
Calculate the remainder when 3267 is divided by 564.
447
What is the remainder when 333915 is divided by 303?
9
What is the remainder when 78788 is divided by 804?
800
What is the remainder when 22238 is divided by 268?
262
Calculate the remainder when 28906 is divided by 49.
45
Calculate the remainder when 693609 is divided by 499.
498
Calculate the remainder when 2760 is divided by 252.
240
Calculate the remainder when 1956 is divided by 539.
339
Calculate the remainder when 21542 is divided by 16.
6
Calculate the remainder when 2263 is divided by 75.
13
What is the remainder when 83813 is divided by 660?
653
Calculate the remainder when 1604 is divided by 260.
44
Calculate the remainder when 5768 is divided by 952.
56
Calculate the remainder when 119 is divided by 35.
14
What is the remainder when 234407 is divided by 41?
10
What is the remainder when 1868 is divided by 340?
168
Calculate the remainder when 99900 is divided by 32.
28
What is the remainder when 2310 is divided by 563?
58
What is the remainder when 162183 is divided by 93?
84
Calculate the remainder when 8848 is divided by 1089.
136
What is the remainder when 37309 is divided by 557?
547
Calculate the remainder when 236258 is divided by 699.
695
Calculate the remainder when 4702 is divided by 174.
4
What is the remainder when 87057 is divided by 1146?
1107
Calculate the remainder when 60733 is divided by 53.
48
Calculate the remainder when 96822 is divided by 48382.
58
What is the remainder when 2244 is divided by 670?
234
Calculate the remainder when 18464 is divided by 81.
77
Calculate the remainder when 13820 is divided by 15.
5
What is the remainder when 23401 is divided by 141?
136
What is the remainder when 12807 is divided by 298?
291
Calculate the remainder when 37209 is divided by 189.
165
Calculate the remainder when 2719 is divided by 114.
97
What is the remainder when 8871 is divided by 4144?
583
What is the remainder when 9357 is divided by 183?
24
What is the remainder when 98317 is divided by 1342?
351
What is the remainder when 4302 is divided by 15?
12
What is the remainder when 9802 is divided by 835?
617
What is the remainder when 179240 is divided by 13787?
9
Calculate the remainder when 3385 is divided by 954.
523
Calculate the remainder when 14373 is divided by 43.
11
What is the remainder when 10524 is divided by 1499?
31
Calculate the remainder when 82477 is divided by 82472.
5
Calculate the remainder when 31712 is divided by 15755.
202
Calculate the remainder when 316855 is divided by 368.
7
Calculate the remainder when 25900 is divided by 6379.
384
What is the remainder when 1492 is divided by 160?
52
Calculate the remainder when 13325 is divided by 6650.
25
Calculate the remainder when 39743 is divided by 72.
71
What is the remainder when 91501 is divided by 688?
685
Calculate the remainder when 4999 is divided by 1058.
767
What is the remainder when 1756 is divided by 21?
13
What is the remainder when 9432 is divided by 627?
27
Calculate the remainder when 6579 is divided by 94.
93
Calculate the remainder when 64297 is divided by 83.
55
What is the remainder when 17235 is divided by 8611?
13
What is the remainder when 11446 is divided by 249?
241
What is the remainder when 2581303 is divided by 44?
43
Calculate the remainder when 42697 is divided by 57.
4
Calculate the remainder when 55678 is divided by 32.
30
What is the remainder when 2941053 is divided by 736?
733
Calculate the remainder when 25240 is divided by 1049.
64
What is the remainder when 1294 is divided by 426?
16
Calculate the remainder when 70165 is divided by 609.
130
Calculate the remainder when 108329 is divided by 212.
209
Calculate the remainder when 752855 is divided by 26.
25
Calculate the remainder when 160285 is divided by 53427.
4
What is the remainder when 999 is divided by 495?
9
Calculate the remainder when 14571854 is divided by 442.
440
Calculate the remainder when 1536 is divided by 9.
6
Calculate the remainder when 2663038 is divided by 76.
74
Calculate the remainder when 55551 is divided by 199.
30
Calculate the remainder when 102195 is divided by 11350.
45
Calculate the remainder when 39081 is divided by 521.
6
What is the remainder when 12856 is divided by 2568?
16
Calculate the remainder when 978299 is divided by 180.
179
What is the remainder when 13203 is divided by 1781?
736
Calculate the remainder when 46798 is divided by 16.
14
What is the remainder when 14349 is divided by 30?
9
What is the remainder when 5876 is divided by 210?
206
What is the remainder when 5410 is divided by 163?
31
Calculate the remainder when 1773 is divided by 41.
10
Calculate the remainder when 2865 is divided by 36.
21
Calculate the remainder when 11581 is divided by 33.
31
Calculate the remainder when 612 is divided by 552.
60
Calculate the remainder when 2304430 is divided by 36.
34
What is the remainder when 610617 is divided by 232?
225
Calculate the remainder when 226722 is divided by 13.
2
What is the remainder when 8536 is divided by 1680?
136
Calculate the remainder when 875 is divided by 348.
179
Calculate the remainder when 3127 is divided by 44.
3
What is the remainder when 15123 is divided by 2156?
31
What is the remainder when 938833 is divided by 93?
91
What is the remainder when 252138 is divided by 14?
12
What is the remainder when 13311 is divided by 13?
12
Calculate the remainder when 13755 is divided by 1424.
939
Calculate the remainder when 1026 is divided by 68.
6
What is the remainder when 586431 is divided by 154?
153
Calculate the remainder when 26830 is divided by 725.
5
Calculate the remainder when 564 is divided by 392.
172
What is the remainder when 11092 is divided by 3693?
13
Calculate the remainder when 43183 is divided by 3320.
23
What is the remainder when 3568 is divided by 1759?
50
What is the remainder when 1274 is divided by 1015?
259
Calculate the remainder when 353922 is divided by 99.
96
Calculate the remainder when 12115 is divided by 3025.
15
What is the remainder when 12175 is divided by 811?
10
Calculate the remainder when 867 is divided by 133.
69
What is the remainder when 3930 is divided by 786?
0
Calculate the remainder when 225399 is divided by 700.
699
What is the remainder when 87061 is divided by 101?
100
What is the remainder when 4058 is divided by 512?
474
What is the remainder when 107491 is divided by 13?
7
What is the remainder when 14734 is divided by 1841?
6
Calculate the remainder when 1396241 is divided by 34.
31
What is the remainder when 88760 is divided by 634?
0
What is the remainder when 3592 is divided by 1786?
20
What is the remainder when 2413 is divided by 91?
47
Calculate the remainder when 109421 is divided by 12157.
8
What is the remainder when 23946 is divided by 180?
6
What is the remainder when 144459 is divided by 233?
232
What is the remainder when 15496 is divided by 122?
2
What is the remainder when 487650 is divided by 370?
360
What is the remainder when 73274 is divided by 211?
57
What is the remainder when 6535 is divided by 176?
23
Calculate the remainder when 81744 is divided by 110.
14
What is the remainder when 15367 is divided by 247?
53
Calculate the remainder when 5468 is divided by 1817.
17
Calculate the remainder when 91302 is divided by 719.
708
What is the remainder when 490978 is divided by 2?
0
What is the remainder when 16959 is divided 